 + -7 - (0 + 2)).
-3
-3 + (1 - -7 - 3) + -4
-2
1 + -1 - ((3 - 4) + -4)
5
Calculate -1 - 6 - (-3 + -7).
3
0 + (0 - (1 + -5)) + -3
1
What is the value of 0 + 5 - (15 - 21) - 5?
6
Calculate -2 + 7 + 3 + -3 + -6.
-1
Evaluate (0 - -2 - 2) + -2.
-2
Evaluate 2 + 6 + -5 + -5.
-2
What is 9 + -7 - (1 + 2 + -2)?
1
Calculate (-1 + 12 - 25) + 19.
5
What is (2 - 1 - -1) + (-2 - 3)?
-3
-1 + -1 + 0 + -4 + 8
2
What is 1 + 1 + -5 + 30 + -28?
-1
Evaluate 3 + (7 - 7) + (0 - -1).
4
What is 5 + 4 + -16 - -6?
-1
What is the value of 4 + (-3 - ((2 - 9) + 3))?
5
(0 + 0 - -14) + 25 + -31
8
Calculate (7 - (-2 - -8)) + -9.
-8
Evaluate 17 + 8 - 11 - 8.
6
Calculate -6 - 3 - -4 - (-3 + -2).
0
What is the value of -4 - -1 - (0 - 4)?
1
Evaluate -3 + (-2 - -12 - 8) + -5.
-6
What is the value of 5 - (2 + 7 + 0 + 0)?
-4
What is -9 - -6 - (-5 + 1 - 0)?
1
(-6 + 6 - 9) + 4
-5
What is the value of -7 - (-11 - -9 - (1 - -8))?
4
What is the value of (-5 - (-5 - 1) - -3) + -11?
-7
Evaluate 5 + 3 + -2 + -13.
-7
-5 + -1 - (-1 + 4 + -5)
-4
What is 16 - 16 - (1 - 3)?
2
What is 9 - (17 - (-13 + 11))?
-10
Calculate 1 + (2 - 3) - -5.
5
Calculate (-2 - -1 - -7) + -4 - 6.
-4
Calculate 5 - (6 + (5 - 8)).
2
What is -2 + 1 + 8 + -9?
-2
What is (6 - 6 - 8) + 9 + -2?
-1
(4 - 8 - -7) + 3 + -2
4
Calculate -2 + 3 + -23 + 27 + -15.
-10
6 + -3 + 2 + -2
3
Evaluate (-2 - -6) + 2 + -3 + -3.
0
What is 6 - (5 + -8 + 3 + -2)?
8
What is the value of -7 + 3 - (1 + 1 + 0)?
-6
Evaluate -3 + 0 + (3 - -6) + -3.
3
What is the value of 5 + -2 - (3 - 2 - 2)?
4
-1 - 4 - (-2 + -2)
-1
Evaluate 10 + (1 - 2) - (56 - 51).
4
What is the value of 7 + 6 + -8 + 1 + 0?
6
Evaluate 11 + (-2 - 2) - 0.
7
(-4 - (0 - 3)) + 3
2
Evaluate (-17 + 7 - (1 + -6)) + 5.
0
What is 12 + -11 - (-3 - -8)?
-4
Calculate 1 + -5 - -1 - -2.
-1
-9 + 6 + -4 - (-5 - 2)
0
What is the value of 1 + (10 + 4 - 12)?
3
What is (7 - (2 - -2)) + -17 + 16?
2
Calculate 6 + -6 - (-3 - 3).
6
Calculate 4 - (5 + 2) - -2.
-1
What is (-1 - (-6 + 2)) + -4?
-1
What is 4 - (9 - 4) - 2?
-3
What is -5 + (-7 - -14) + 2?
4
Calculate (1 - -2) + -9 + 5 + -7.
-8
What is 7 - (0 - -2 - (4 + -6))?
3
(-17 - (-17 - -8)) + 2
-6
What is -6 - (-10 - ((2 - -4) + -12))?
-2
Calculate -5 - (3 + 0) - (-4 - -2).
-6
What is (-4 - 0) + 17 + 5 + -9?
9
What is -1 + -6 + (2 - (-10 + 11))?
-6
Calculate 2 - (4 - 1 - 1).
0
What is the value of (3 - -7) + 9 - 15?
4
What is the value of 253 + -253 - (5 + 1)?
-6
-18 + (-6 - -22) + (1 - 1)
-2
2 + -5 - (-6 - (3 - 2))
4
22 - (-3 - -20) - (0 + -3)
8
What is 1 + 1 + 6 + (32 - 38)?
2
What is the value of (9 - (13 - 6)) + -2?
0
-25 + 28 - (5 + 2) - -4
0
What is -1 + (-4 - -4) + 1 + -6?
-6
Calculate (6 - (9 - 3)) + 5.
5
What is the value of 5 + 2 - (2 + 2)?
3
What is the value of 25 - 16 - (1 - -3)?
5
What is the value of (1 - 8) + (-26 - -30)?
-3
What is -19 - -17 - (-4 + 0)?
2
What is the value of 1 - (5 - (-6 - -3 - -4))?
-3
(0 - 0) + (0 + 2 - -3)
5
What is 6 + -2 - (5 + 1) - -3?
1
-2 + (1 - 3) - (-8 + 0)
4
0 + 3 + -2 - 3
-2
What is -11 + (9 - (0 + 4)) - -1?
-5
Evaluate 2 - (-2 + (1 - -3) + -2).
2
Calculate -1 + 5 - (4 - -7 - 6).
-1
Calculate (-10 - -8 - (-1 + 0)) + 1.
0
Calculate (0 - (-8 + 8)) + (-3 - -2).
-1
What is the value of 7 + (3 - (-3 - (1 + -9)))?
5
Evaluate (0 - 2) + 2 + 0 + -3.
-3
What is -4 + (4 - (-3 - -3 - -2))?
-2
What is the value of (-12 - -7) + (-1 - (0 - 10))?
4
What is 5 - 17 - -12 - 1?
-1
What is the value of -4 - (-2 + 1 + 0)?
-3
What is the value of 1 + -2 + -5 + -5 + 5?
-6
Calculate 10 + (-6 - 1 - -1) + 0.
4
Evaluate -7 - -4 - (4 - 6).
-1
Evaluate -1 + 6 + -41 + 32.
-4
What is the value of 8 + -16 + -3 - -6?
-5
Evaluate 1 - (0 - (-1 - 3)).
-3
Evaluate -2 + -1 - (-3 + 4 - 4).
0
Evaluate 0 + -1 + -6 - (-24 + 24).
-7
What is the value of 6 + 7 + (1 - 12)?
2
Calculate 4 + -1 - (1 - (0 - 1)).
1
Evaluate 9 - 1 - (0 - (-14 - -8)).
2
-88 + 93 + (-7 - 1)
-3
What is the value of (-1 + 5 - 3) + 0 - 1?
0
What is -34 - -37 - (0 + 0 + -1)?
4
6 + (4 + (3 - 13) - 4)
-4
What is the value of 0 + (2 - (-5 - -7))?
0
Calculate 5 - (2 + 3 + 0 + -3).
3
What is the value of -1 + -4 + 2 - (-13 - -12)?
-2
Calculate (-40 - -37) + (1 - 7 - -4).
-5
What is the value of (17 - 2) + -9 + (2 - 6)?
2
What is 3 + -7 + (6 - 2)?
0
Evaluate -16 + 11 - (1 - 2).
-4
What is the value of -2 + (3 - (12 + (4 - 8)))?
-7
Calculate 9 + (-2 - -2 - (-6 + 10)).
5
Evaluate (2 + 0 + -1 - 2) + -2.
-3
Evaluate -8 + -8 + -3 + 11.
-8
(-1 - -2 - 2) + -1 + 5
3
What is the value of (-1 - -2) + (6 - 2)?
5
Calculate (4 + -7 - 4) + 6.
-1
Calculate 1 - 2 - 3 - 0.
-4
Evaluate (-131 - -131) + 1 + -1 + 4.
4
Calculate (5 - (5 - -1) - 3) + 0.
-4
2 + -2 + -4 - -3
-1
Calculate 4 + 0 + 5 + -7.
2
What is 13 - (6 + -5) - 14?
-2
Calculate 7 - (9 + -7 + 0).
5
Calculate -5 + -4 - (2 - 15).
4
Evaluate (-3 - -1) + -5 + 10.
3
Evaluate (-1 - 0) + 0 + (-5 - -10).
4
What is the value of 1 + -2 + 2 - (6 + -9)?
4
(-3 + -1 - -10) + -4 + 3
5
-2 - ((-2 - (-3 + -2)) + -9)
4
-7 + 4 - (-6 + 1 + 0)
2
Calculate -9 + 6 - (-1 - 0).
-2
Evaluate -2 - 0 - (3 + -6 + 5).
-4
-5 + (0 - -1) - (-1 + 6)
-9
Evaluate 11 + 10 + -6 + -8.
7
Calculate 8 - 4 - 11 - -3.
-4
What is (-3 - 6) + (7 - 13) + 13?
-2
What is the value of 24 - 32 - ((2 - 13) + -1)?
4
Evaluate -11 + (0 - -9) - 3.
-5
Calculate (-8 - -2) + (47 - 47).
-6
What is 2 - (7 - (9 + -10))?
-6
Evaluate 10 - (11 - -1 - 9).
7
What is 4 - (6 + (0 - 2))?
0
Calculate -1 - -2 - (5 - 2).
-2
What is 6 + (-6 - (3 + -2))?
-1
Evaluate -2 - (4 + -7 - -3).
-2
Evaluate -9 - (-5 + (-7 - -7)).
-4
What is -74 - -67 - (-8 - 1)?
2
What is the value of -3 - (2 + -4 + 3)?
-4
6 + 4 - (8 - 0)
2
What is the value of -10 - -13 - (5 - (0 + 1))?
-1
What is the value of (-5 - (-4 + -5)) + -9?
-5
What is the value of -5 + (-5 + 5 - -1)?
-4
What is (0 - 0) + (4 - 0)?
4
What is (-3 - (-2 - 10)) + -5?
4
Calculate (9 - (19 + -5)) + (1 - 0).
-4
What is 5 + (-6 - (2 - 6))?
3
(-10 - (-6 - 4)) + -8 + 2
-6
-2 + (5 - 0) + -5
-2
Evaluate 0 + -3 + 2 + -2 - 2.
-5
What is (-7 - 2 - -21) + -6?
6
Calculate -7 + (7 - 9 - -8).
-1
Evaluate 5 + (-8 - -3) + 6 + -10.
-4
What is the value of 7 - 5 - (-8 + 2)?
8
What is the value of (-4 + 7 - 6) + -3?
-6
Calculate (1 - -5) + (-6 - (1 + 2)).
-3
(3 - (-4 - -1)) + -1
5
Calculate -2 - (4 - (11 + -6)).
-1
Evaluate 1 + -6 + 5 + -3 - 2.
-5
What is the value of -7 - (-7 - -4) - -7?
3
(10 - 0) + 20 + -31
-1
What is 4 + (-16 + -8 - -12)?
-8
Calculate -4 + (-1 - -2) + -5 + 1.
-7
20 + -3 + -11 + 2 + -3
5
(-9 + 1 - -1) + 10
3
Evaluate 19 + -23 + (-1 - -13).
8
Calculate -1 + (-2 - (-4 + 5)).
-4
What is 10 + -1 - (108 + -102)?
3
What is the value of -7 + (-13 - -16 - (1 - -2))?
-7
Calculate -1 + 4 - (27 - 22).
-2
Evaluate -8 + 1 + -25 + 34.
2
Calculate -1 + -4 + (3 - -3) + -3.
-2
Calculate 7 - (15 + 7 + -13).
-2
-10 + 10 - (5 + 1)
-6
What is (2 - (3 - 3)) + -4 + 2?
0
Evaluate 7 + -3 - (2 - -2).
0
What is 2 + -2 + 8 + -12?
-4
Evaluate (-1 + 1 - -3) + 2 + -2.
3
What is the value of (8 - (4 + (-3 - -1))) + -3?
3
What is the value of (2 - -3) + (4 - 4) + -9?
-4
Calculate -4 - (4 - 2) - -5.
-1
What is the value of 0 + 0 - (5 - 8) - -1?
4
Calculate -3 + 2 - (-3 - (6 + -5)).
3
Calculate (1 + 2 + -1 - 1) + -4.
-3
Evaluate 3 + -1 + -3 - (1 - 1).
-1
What is the value of -8 - (2 + 5 + -10 - 2)?
-3
Calculate -3 + 4 - 0 - -1.
2
Evaluate (-12 - -11 - -2) + 2 + 1.
4
Calculate -2 + -5 + 7 + 4 + -3.
1
What is the value of 0 + 0 + -1 + -34 + 38?
3
What is the value of 59 + -66 - (-9 - 0)?
2
(55 - 58) + (2 - 7)
-8
-9 - (-12 + (-10 - -12))
1
What is the value of -3 + (-4 - (-6 + -4))?
3
Evaluate (6 + -7 - -10) + -2.
7
(1 - 2 - 0) + (-4 - -4)
-1
What is 3 - (7 - (8 - 0))?
4
Evaluate -7 + -1 + 2 + 2 + 0.
-4
What is the value of -13 + (13 + -25 - -23)?
-2
Evaluate (7 - 8 - (-2 - -1)) + -2.
-2
Calculate (13 + 0 - 0) + (-7 - 0).
6
Calculate 8 + (-8 - -3 - (1 + -3)).
5
Calculate 24 + -18 - (10 + 6 + -2).
-8
(11 - 7 - 8) + 7
3
Calculate -23 - -34 - (6 + 1).
4
(0 - (-4 - -8)) + 3
-1
What is 2 + (7 - 8) - -6?
7
What is 23 + -15 + 9 + -8?
9
Evaluate 18 - 18 - (2 - 5).
3
What is the value of 8 + (-4 + 1 - 4)?
1
What is the value of (-1 - 1) + -3 + 0?
-5
4 + (-2 - (4 - 10) - 8)
0
Evaluate 7 + (-3 - 6) + 4.
2
Evaluate (1 - 9 - -4) + 2.
-2
What is the value of 3 - (-1 + 2 - -3)?
-1
What is the value of -2 - (-24 + 22 - (-4 + 2))